{"id":50,"date":"2022-06-08T14:18:14","date_gmt":"2022-06-08T17:18:14","guid":{"rendered":"https:\/\/validasite.com.br\/fncc\/?page_id=50"},"modified":"2024-05-09T17:23:43","modified_gmt":"2024-05-09T20:23:43","slug":"quem-somos","status":"publish","type":"page","link":"https:\/\/validasite.com.br\/fncc\/quem-somos\/","title":{"rendered":"Quem somos"},"content":{"rendered":"\n<p>A Frente Nacional de Combate ao C\u00e2ncer \u00e9 uma organiza\u00e7\u00e3o n\u00e3o governamental, sem fins lucrativos, dedicada a fornecer suporte e cuidados emocionais e f\u00edsicos a pacientes e suas fam\u00edlias durante a dif\u00edcil jornada contra o c\u00e2ncer.<br>Nossos servi\u00e7os abrangem desde orienta\u00e7\u00e3o e assist\u00eancia durante o tratamento, incluindo a facilita\u00e7\u00e3o do acesso a benef\u00edcios como medicamentos, suplementos e outras necessidades essenciais, at\u00e9 o fornecimento de tratamentos complementares por meio de uma equipe multidisciplinar de profissionais volunt\u00e1rios altamente qualificados.<br>Al\u00e9m do nosso compromisso com o apoio direto aos pacientes, tamb\u00e9m nos dedicamos a promover e apoiar projetos de conscientiza\u00e7\u00e3o e preven\u00e7\u00e3o do c\u00e2ncer, visando reduzir sua incid\u00eancia e mortalidade.<\/p>\n\n\n\n<figure class=\"wp-block-gallery has-nested-images columns-5 is-cropped wp-block-gallery-1 is-layout-flex wp-block-gallery-is-layout-flex\">\n<figure class=\"wp-block-image size-large\"><img loading=\"lazy\" decoding=\"async\" width=\"768\" height=\"1024\" data-id=\"703\" src=\"https:\/\/validasite.com.br\/fncc\/wp-content\/uploads\/2024\/05\/IMG_3534-768x1024.jpg\" alt=\"\" class=\"wp-image-703\" srcset=\"https:\/\/validasite.com.br\/fncc\/wp-content\/uploads\/2024\/05\/IMG_3534-768x1024.jpg 768w, https:\/\/validasite.com.br\/fncc\/wp-content\/uploads\/2024\/05\/IMG_3534-225x300.jpg 225w, https:\/\/validasite.com.br\/fncc\/wp-content\/uploads\/2024\/05\/IMG_3534-1152x1536.jpg 1152w, https:\/\/validasite.com.br\/fncc\/wp-content\/uploads\/2024\/05\/IMG_3534-1536x2048.jpg 1536w, https:\/\/validasite.com.br\/fncc\/wp-content\/uploads\/2024\/05\/IMG_3534-600x800.jpg 600w, https:\/\/validasite.com.br\/fncc\/wp-content\/uploads\/2024\/05\/IMG_3534-scaled.jpg 1920w\" sizes=\"auto, (max-width: 768px) 100vw, 768px\" \/><\/figure>\n\n\n\n<figure class=\"wp-block-image size-large\"><img loading=\"lazy\" decoding=\"async\" width=\"768\" height=\"1024\" data-id=\"702\" src=\"https:\/\/validasite.com.br\/fncc\/wp-content\/uploads\/2024\/05\/IMG_3538-768x1024.jpg\" alt=\"\" class=\"wp-image-702\" srcset=\"https:\/\/validasite.com.br\/fncc\/wp-content\/uploads\/2024\/05\/IMG_3538-768x1024.jpg 768w, https:\/\/validasite.com.br\/fncc\/wp-content\/uploads\/2024\/05\/IMG_3538-225x300.jpg 225w, https:\/\/validasite.com.br\/fncc\/wp-content\/uploads\/2024\/05\/IMG_3538-1152x1536.jpg 1152w, https:\/\/validasite.com.br\/fncc\/wp-content\/uploads\/2024\/05\/IMG_3538-1536x2048.jpg 1536w, https:\/\/validasite.com.br\/fncc\/wp-content\/uploads\/2024\/05\/IMG_3538-600x800.jpg 600w, https:\/\/validasite.com.br\/fncc\/wp-content\/uploads\/2024\/05\/IMG_3538-scaled.jpg 1920w\" sizes=\"auto, (max-width: 768px) 100vw, 768px\" \/><\/figure>\n\n\n\n<figure class=\"wp-block-image size-large\"><img loading=\"lazy\" decoding=\"async\" width=\"768\" height=\"1024\" data-id=\"700\" src=\"https:\/\/validasite.com.br\/fncc\/wp-content\/uploads\/2024\/05\/IMG_3541-768x1024.jpg\" alt=\"\" class=\"wp-image-700\" srcset=\"https:\/\/validasite.com.br\/fncc\/wp-content\/uploads\/2024\/05\/IMG_3541-768x1024.jpg 768w, https:\/\/validasite.com.br\/fncc\/wp-content\/uploads\/2024\/05\/IMG_3541-225x300.jpg 225w, https:\/\/validasite.com.br\/fncc\/wp-content\/uploads\/2024\/05\/IMG_3541-1152x1536.jpg 1152w, https:\/\/validasite.com.br\/fncc\/wp-content\/uploads\/2024\/05\/IMG_3541-1536x2048.jpg 1536w, https:\/\/validasite.com.br\/fncc\/wp-content\/uploads\/2024\/05\/IMG_3541-600x800.jpg 600w, https:\/\/validasite.com.br\/fncc\/wp-content\/uploads\/2024\/05\/IMG_3541-scaled.jpg 1920w\" sizes=\"auto, (max-width: 768px) 100vw, 768px\" \/><\/figure>\n\n\n\n<figure class=\"wp-block-image size-large\"><img loading=\"lazy\" decoding=\"async\" width=\"1024\" height=\"576\" data-id=\"699\" src=\"https:\/\/validasite.com.br\/fncc\/wp-content\/uploads\/2024\/05\/IMG_3542-1024x576.jpg\" alt=\"\" class=\"wp-image-699\" srcset=\"https:\/\/validasite.com.br\/fncc\/wp-content\/uploads\/2024\/05\/IMG_3542-1024x576.jpg 1024w, https:\/\/validasite.com.br\/fncc\/wp-content\/uploads\/2024\/05\/IMG_3542-300x169.jpg 300w, https:\/\/validasite.com.br\/fncc\/wp-content\/uploads\/2024\/05\/IMG_3542-768x432.jpg 768w, https:\/\/validasite.com.br\/fncc\/wp-content\/uploads\/2024\/05\/IMG_3542-1536x864.jpg 1536w, https:\/\/validasite.com.br\/fncc\/wp-content\/uploads\/2024\/05\/IMG_3542-600x338.jpg 600w, https:\/\/validasite.com.br\/fncc\/wp-content\/uploads\/2024\/05\/IMG_3542.jpg 1920w\" sizes=\"auto, (max-width: 1024px) 100vw, 1024px\" \/><\/figure>\n\n\n\n<figure class=\"wp-block-image size-large\"><img loading=\"lazy\" decoding=\"async\" width=\"1024\" height=\"576\" data-id=\"701\" src=\"https:\/\/validasite.com.br\/fncc\/wp-content\/uploads\/2024\/05\/IMG_3543-1024x576.jpg\" alt=\"\" class=\"wp-image-701\" srcset=\"https:\/\/validasite.com.br\/fncc\/wp-content\/uploads\/2024\/05\/IMG_3543-1024x576.jpg 1024w, https:\/\/validasite.com.br\/fncc\/wp-content\/uploads\/2024\/05\/IMG_3543-300x169.jpg 300w, https:\/\/validasite.com.br\/fncc\/wp-content\/uploads\/2024\/05\/IMG_3543-768x432.jpg 768w, https:\/\/validasite.com.br\/fncc\/wp-content\/uploads\/2024\/05\/IMG_3543-1536x864.jpg 1536w, https:\/\/validasite.com.br\/fncc\/wp-content\/uploads\/2024\/05\/IMG_3543-2048x1152.jpg 2048w, https:\/\/validasite.com.br\/fncc\/wp-content\/uploads\/2024\/05\/IMG_3543-600x338.jpg 600w\" sizes=\"auto, (max-width: 1024px) 100vw, 1024px\" \/><\/figure>\n\n\n\n<figure class=\"wp-block-image size-large\"><img loading=\"lazy\" decoding=\"async\" width=\"768\" height=\"1024\" data-id=\"697\" src=\"https:\/\/validasite.com.br\/fncc\/wp-content\/uploads\/2024\/05\/IMG_3544-768x1024.jpg\" alt=\"\" class=\"wp-image-697\" srcset=\"https:\/\/validasite.com.br\/fncc\/wp-content\/uploads\/2024\/05\/IMG_3544-768x1024.jpg 768w, https:\/\/validasite.com.br\/fncc\/wp-content\/uploads\/2024\/05\/IMG_3544-225x300.jpg 225w, https:\/\/validasite.com.br\/fncc\/wp-content\/uploads\/2024\/05\/IMG_3544-1152x1536.jpg 1152w, https:\/\/validasite.com.br\/fncc\/wp-content\/uploads\/2024\/05\/IMG_3544-600x800.jpg 600w, https:\/\/validasite.com.br\/fncc\/wp-content\/uploads\/2024\/05\/IMG_3544.jpg 1200w\" sizes=\"auto, (max-width: 768px) 100vw, 768px\" \/><\/figure>\n\n\n\n<figure class=\"wp-block-image size-large\"><img loading=\"lazy\" decoding=\"async\" width=\"768\" height=\"1024\" data-id=\"698\" src=\"https:\/\/validasite.com.br\/fncc\/wp-content\/uploads\/2024\/05\/IMG_3545-768x1024.jpg\" alt=\"\" class=\"wp-image-698\" srcset=\"https:\/\/validasite.com.br\/fncc\/wp-content\/uploads\/2024\/05\/IMG_3545-768x1024.jpg 768w, https:\/\/validasite.com.br\/fncc\/wp-content\/uploads\/2024\/05\/IMG_3545-225x300.jpg 225w, https:\/\/validasite.com.br\/fncc\/wp-content\/uploads\/2024\/05\/IMG_3545-1152x1536.jpg 1152w, https:\/\/validasite.com.br\/fncc\/wp-content\/uploads\/2024\/05\/IMG_3545-600x800.jpg 600w, https:\/\/validasite.com.br\/fncc\/wp-content\/uploads\/2024\/05\/IMG_3545.jpg 1200w\" sizes=\"auto, (max-width: 768px) 100vw, 768px\" \/><\/figure>\n\n\n\n<figure class=\"wp-block-image size-large\"><img loading=\"lazy\" decoding=\"async\" width=\"1024\" height=\"768\" data-id=\"704\" src=\"https:\/\/validasite.com.br\/fncc\/wp-content\/uploads\/2024\/05\/IMG_3546-1024x768.jpg\" alt=\"\" class=\"wp-image-704\" srcset=\"https:\/\/validasite.com.br\/fncc\/wp-content\/uploads\/2024\/05\/IMG_3546-1024x768.jpg 1024w, https:\/\/validasite.com.br\/fncc\/wp-content\/uploads\/2024\/05\/IMG_3546-300x225.jpg 300w, https:\/\/validasite.com.br\/fncc\/wp-content\/uploads\/2024\/05\/IMG_3546-768x576.jpg 768w, https:\/\/validasite.com.br\/fncc\/wp-content\/uploads\/2024\/05\/IMG_3546-1536x1152.jpg 1536w, https:\/\/validasite.com.br\/fncc\/wp-content\/uploads\/2024\/05\/IMG_3546-2048x1536.jpg 2048w, https:\/\/validasite.com.br\/fncc\/wp-content\/uploads\/2024\/05\/IMG_3546-600x450.jpg 600w\" sizes=\"auto, (max-width: 1024px) 100vw, 1024px\" \/><\/figure>\n\n\n\n<figure class=\"wp-block-image size-large\"><img loading=\"lazy\" decoding=\"async\" width=\"1024\" height=\"768\" data-id=\"696\" src=\"https:\/\/validasite.com.br\/fncc\/wp-content\/uploads\/2024\/05\/IMG_3548-1024x768.jpg\" alt=\"\" class=\"wp-image-696\" srcset=\"https:\/\/validasite.com.br\/fncc\/wp-content\/uploads\/2024\/05\/IMG_3548-1024x768.jpg 1024w, https:\/\/validasite.com.br\/fncc\/wp-content\/uploads\/2024\/05\/IMG_3548-300x225.jpg 300w, https:\/\/validasite.com.br\/fncc\/wp-content\/uploads\/2024\/05\/IMG_3548-768x576.jpg 768w, https:\/\/validasite.com.br\/fncc\/wp-content\/uploads\/2024\/05\/IMG_3548-1536x1152.jpg 1536w, https:\/\/validasite.com.br\/fncc\/wp-content\/uploads\/2024\/05\/IMG_3548-600x450.jpg 600w, https:\/\/validasite.com.br\/fncc\/wp-content\/uploads\/2024\/05\/IMG_3548.jpg 1600w\" sizes=\"auto, (max-width: 1024px) 100vw, 1024px\" \/><\/figure>\n<\/figure>\n\n\n\n<h2 class=\"wp-block-heading\">Quem podemos ajudar:<\/h2>\n\n\n\n<p>Nossa assist\u00eancia est\u00e1 dispon\u00edvel para qualquer pessoa hipossuficiente com mais de 18 anos e diagn\u00f3stico comprovado de neoplasia maligna. Para se cadastrar, s\u00e3o necess\u00e1rios documentos:<\/p>\n\n\n\n<p>&#8211; RG<br>&#8211; CPF<br>&#8211; Comprovante de Resid\u00eancia<br>&#8211; Comprovante de Renda<br>&#8211; Laudo comprobat\u00f3rio oficial, expedido por&nbsp;oncologista, hematologista ou&nbsp;mastologista.<\/p>\n\n\n\n<p><strong>Ap\u00f3s o cadastro, o Servi\u00e7o Social realizar\u00e1 uma an\u00e1lise socioecon\u00f4mica para compreender as necessidades individuais adicionais de cada paciente.<\/strong><\/p>\n\n\n\n<h2 class=\"wp-block-heading\">Como voc\u00ea pode ajudar:<\/h2>\n\n\n\n<p>Nosso trabalho s\u00f3 \u00e9 poss\u00edvel gra\u00e7as ao apoio cont\u00ednuo de indiv\u00edduos e organiza\u00e7\u00f5es comprometidos. Voc\u00ea pode contribuir de v\u00e1rias maneiras:<\/p>\n\n\n\n<ul class=\"wp-block-list\">\n<li>Tornando-se um volunt\u00e1rio;<\/li>\n\n\n\n<li>Fornecendo doa\u00e7\u00f5es de insumos essenciais, como medicamentos, materiais hospitalares e alimentos;<\/li>\n\n\n\n<li>Realizando doa\u00e7\u00f5es financeiras;<\/li>\n\n\n\n<li>Auxiliando na divulga\u00e7\u00e3o de nossas atividades;<\/li>\n\n\n\n<li>Se tornando um parceiro;<\/li>\n\n\n\n<li>Apoiando nossos projetos e iniciativas.<\/li>\n<\/ul>\n\n\n\n<p><strong>Junte-se a n\u00f3s nesta causa nobre e fa\u00e7a parte da transforma\u00e7\u00e3o positiva na vida de tantas pessoas afetadas pelo c\u00e2ncer. Sua ajuda \u00e9 fundamental para continuarmos avan\u00e7ando em nossa miss\u00e3o.<\/strong><\/p>\n\n\n\n<p class=\"btpage\"><a href=\"https:\/\/validasite.com.br\/fncc\/doacao\/\">Saiba mais<\/a><\/p>\n\n\n\n<p><\/p>\n","protected":false},"excerpt":{"rendered":"<p>A Frente Nacional de Combate ao C\u00e2ncer \u00e9 uma organiza\u00e7\u00e3o n\u00e3o governamental, sem fins lucrativos, dedicada a fornecer suporte e &#8230;<\/p>\n","protected":false},"author":1,"featured_media":0,"parent":0,"menu_order":0,"comment_status":"closed","ping_status":"closed","template":"","meta":{"_acf_changed":false,"footnotes":""},"class_list":["post-50","page","type-page","status-publish","hentry"],"acf":{"frase":"Conhe\u00e7a a FNCC"},"yoast_head":"<!-- This site is optimized with the Yoast SEO plugin v22.6 - https:\/\/yoast.com\/wordpress\/plugins\/seo\/ -->\n<title>Quem somos - FNCC - Frente Nacional de Combate ao C\u00e2ncer<\/title>\n<meta name=\"description\" content=\"A Frente Nacional de Combate ao C\u00e2ncer \u00e9 uma organiza\u00e7\u00e3o n\u00e3o governamental, sem fins lucrativos, dedicada a fornecer suporte e cuidados emocionais e\" \/>\n<meta name=\"robots\" content=\"index, follow, max-snippet:-1, max-image-preview:large, max-video-preview:-1\" \/>\n<link rel=\"canonical\" href=\"https:\/\/validasite.com.br\/fncc\/quem-somos\/\" \/>\n<meta property=\"og:locale\" content=\"pt_BR\" \/>\n<meta property=\"og:type\" content=\"article\" \/>\n<meta property=\"og:title\" content=\"Quem somos - FNCC - Frente Nacional de Combate ao C\u00e2ncer\" \/>\n<meta property=\"og:description\" content=\"A Frente Nacional de Combate ao C\u00e2ncer \u00e9 uma organiza\u00e7\u00e3o n\u00e3o governamental, sem fins lucrativos, dedicada a fornecer suporte e cuidados emocionais e\" \/>\n<meta property=\"og:url\" content=\"https:\/\/validasite.com.br\/fncc\/quem-somos\/\" \/>\n<meta property=\"og:site_name\" content=\"FNCC - Frente Nacional de Combate ao C\u00e2ncer\" \/>\n<meta property=\"article:publisher\" content=\"https:\/\/www.facebook.com\/FNCCFrenteNacional\" \/>\n<meta property=\"article:modified_time\" content=\"2024-05-09T20:23:43+00:00\" \/>\n<meta property=\"og:image\" content=\"https:\/\/validasite.com.br\/fncc\/wp-content\/uploads\/2024\/05\/IMG_3534-768x1024.jpg\" \/>\n<meta name=\"twitter:card\" content=\"summary_large_image\" \/>\n<meta name=\"twitter:label1\" content=\"Est. tempo de leitura\" \/>\n\t<meta name=\"twitter:data1\" content=\"4 minutos\" \/>\n<script type=\"application\/ld+json\" class=\"yoast-schema-graph\">{\"@context\":\"https:\/\/schema.org\",\"@graph\":[{\"@type\":[\"Article\",\"BlogPosting\"],\"@id\":\"https:\/\/validasite.com.br\/fncc\/quem-somos\/#article\",\"isPartOf\":{\"@id\":\"https:\/\/validasite.com.br\/fncc\/quem-somos\/\"},\"author\":{\"name\":\"wf\",\"@id\":\"https:\/\/validasite.com.br\/fncc\/#\/schema\/person\/5f18269f1a1e8081988866288773e2b0\"},\"headline\":\"Quem somos\",\"datePublished\":\"2022-06-08T17:18:14+00:00\",\"dateModified\":\"2024-05-09T20:23:43+00:00\",\"mainEntityOfPage\":{\"@id\":\"https:\/\/validasite.com.br\/fncc\/quem-somos\/\"},\"wordCount\":306,\"publisher\":{\"@id\":\"https:\/\/validasite.com.br\/fncc\/#organization\"},\"image\":{\"@id\":\"https:\/\/validasite.com.br\/fncc\/quem-somos\/#primaryimage\"},\"thumbnailUrl\":\"https:\/\/validasite.com.br\/fncc\/wp-content\/uploads\/2024\/05\/IMG_3534-768x1024.jpg\",\"inLanguage\":\"pt-BR\"},{\"@type\":\"WebPage\",\"@id\":\"https:\/\/validasite.com.br\/fncc\/quem-somos\/\",\"url\":\"https:\/\/validasite.com.br\/fncc\/quem-somos\/\",\"name\":\"Quem somos - FNCC - Frente Nacional de Combate ao C\u00e2ncer\",\"isPartOf\":{\"@id\":\"https:\/\/validasite.com.br\/fncc\/#website\"},\"primaryImageOfPage\":{\"@id\":\"https:\/\/validasite.com.br\/fncc\/quem-somos\/#primaryimage\"},\"image\":{\"@id\":\"https:\/\/validasite.com.br\/fncc\/quem-somos\/#primaryimage\"},\"thumbnailUrl\":\"https:\/\/validasite.com.br\/fncc\/wp-content\/uploads\/2024\/05\/IMG_3534-768x1024.jpg\",\"datePublished\":\"2022-06-08T17:18:14+00:00\",\"dateModified\":\"2024-05-09T20:23:43+00:00\",\"description\":\"A Frente Nacional de Combate ao C\u00e2ncer \u00e9 uma organiza\u00e7\u00e3o n\u00e3o governamental, sem fins lucrativos, dedicada a fornecer suporte e cuidados emocionais e\",\"breadcrumb\":{\"@id\":\"https:\/\/validasite.com.br\/fncc\/quem-somos\/#breadcrumb\"},\"inLanguage\":\"pt-BR\",\"potentialAction\":[{\"@type\":\"ReadAction\",\"target\":[\"https:\/\/validasite.com.br\/fncc\/quem-somos\/\"]}]},{\"@type\":\"ImageObject\",\"inLanguage\":\"pt-BR\",\"@id\":\"https:\/\/validasite.com.br\/fncc\/quem-somos\/#primaryimage\",\"url\":\"https:\/\/validasite.com.br\/fncc\/wp-content\/uploads\/2024\/05\/IMG_3534-scaled.jpg\",\"contentUrl\":\"https:\/\/validasite.com.br\/fncc\/wp-content\/uploads\/2024\/05\/IMG_3534-scaled.jpg\",\"width\":1920,\"height\":2560},{\"@type\":\"BreadcrumbList\",\"@id\":\"https:\/\/validasite.com.br\/fncc\/quem-somos\/#breadcrumb\",\"itemListElement\":[{\"@type\":\"ListItem\",\"position\":1,\"name\":\"In\u00edcio\",\"item\":\"https:\/\/validasite.com.br\/fncc\/\"},{\"@type\":\"ListItem\",\"position\":2,\"name\":\"Quem somos\"}]},{\"@type\":\"WebSite\",\"@id\":\"https:\/\/validasite.com.br\/fncc\/#website\",\"url\":\"https:\/\/validasite.com.br\/fncc\/\",\"name\":\"FNCC - Frente Nacional de Combate ao C\u00e2ncer\",\"description\":\"A FNCC \u00e9 uma institui\u00e7\u00e3o sem fins lucrativos premiada em todos as regi\u00f5es que opera no Brasil. Conhe\u00e7a um pouco sobre este importante trabalho e entre voc\u00ea tamb\u00e9m na luta contra o c\u00e2ncer. Apoie esta causa.\",\"publisher\":{\"@id\":\"https:\/\/validasite.com.br\/fncc\/#organization\"},\"alternateName\":\"FNCC\",\"potentialAction\":[{\"@type\":\"SearchAction\",\"target\":{\"@type\":\"EntryPoint\",\"urlTemplate\":\"https:\/\/validasite.com.br\/fncc\/?s={search_term_string}\"},\"query-input\":\"required name=search_term_string\"}],\"inLanguage\":\"pt-BR\"},{\"@type\":\"Organization\",\"@id\":\"https:\/\/validasite.com.br\/fncc\/#organization\",\"name\":\"FNCC\",\"alternateName\":\"Frente Nacional de Combate ao C\u00e2ncer\",\"url\":\"https:\/\/validasite.com.br\/fncc\/\",\"logo\":{\"@type\":\"ImageObject\",\"inLanguage\":\"pt-BR\",\"@id\":\"https:\/\/validasite.com.br\/fncc\/#\/schema\/logo\/image\/\",\"url\":\"https:\/\/validasite.com.br\/fncc\/wp-content\/uploads\/2024\/05\/screenshot-4.png\",\"contentUrl\":\"https:\/\/validasite.com.br\/fncc\/wp-content\/uploads\/2024\/05\/screenshot-4.png\",\"width\":1500,\"height\":1500,\"caption\":\"FNCC\"},\"image\":{\"@id\":\"https:\/\/validasite.com.br\/fncc\/#\/schema\/logo\/image\/\"},\"sameAs\":[\"https:\/\/www.facebook.com\/FNCCFrenteNacional\",\"https:\/\/www.instagram.com\/fnccnacional\/\"]},{\"@type\":\"Person\",\"@id\":\"https:\/\/validasite.com.br\/fncc\/#\/schema\/person\/5f18269f1a1e8081988866288773e2b0\",\"name\":\"wf\",\"image\":{\"@type\":\"ImageObject\",\"inLanguage\":\"pt-BR\",\"@id\":\"https:\/\/validasite.com.br\/fncc\/#\/schema\/person\/image\/\",\"url\":\"https:\/\/secure.gravatar.com\/avatar\/af5db5008fe343f8388505129e34bba4f5acf5fb848cbdd8606b15652735b53f?s=96&d=mm&r=g\",\"contentUrl\":\"https:\/\/secure.gravatar.com\/avatar\/af5db5008fe343f8388505129e34bba4f5acf5fb848cbdd8606b15652735b53f?s=96&d=mm&r=g\",\"caption\":\"wf\"},\"url\":\"https:\/\/validasite.com.br\/fncc\/author\/wf\/\"}]}<\/script>\n<!-- \/ Yoast SEO plugin. -->","yoast_head_json":{"title":"Quem somos - FNCC - Frente Nacional de Combate ao C\u00e2ncer","description":"A Frente Nacional de Combate ao C\u00e2ncer \u00e9 uma organiza\u00e7\u00e3o n\u00e3o governamental, sem fins lucrativos, dedicada a fornecer suporte e cuidados emocionais e","robots":{"index":"index","follow":"follow","max-snippet":"max-snippet:-1","max-image-preview":"max-image-preview:large","max-video-preview":"max-video-preview:-1"},"canonical":"https:\/\/validasite.com.br\/fncc\/quem-somos\/","og_locale":"pt_BR","og_type":"article","og_title":"Quem somos - FNCC - Frente Nacional de Combate ao C\u00e2ncer","og_description":"A Frente Nacional de Combate ao C\u00e2ncer \u00e9 uma organiza\u00e7\u00e3o n\u00e3o governamental, sem fins lucrativos, dedicada a fornecer suporte e cuidados emocionais e","og_url":"https:\/\/validasite.com.br\/fncc\/quem-somos\/","og_site_name":"FNCC - Frente Nacional de Combate ao C\u00e2ncer","article_publisher":"https:\/\/www.facebook.com\/FNCCFrenteNacional","article_modified_time":"2024-05-09T20:23:43+00:00","og_image":[{"url":"https:\/\/validasite.com.br\/fncc\/wp-content\/uploads\/2024\/05\/IMG_3534-768x1024.jpg"}],"twitter_card":"summary_large_image","twitter_misc":{"Est. tempo de leitura":"4 minutos"},"schema":{"@context":"https:\/\/schema.org","@graph":[{"@type":["Article","BlogPosting"],"@id":"https:\/\/validasite.com.br\/fncc\/quem-somos\/#article","isPartOf":{"@id":"https:\/\/validasite.com.br\/fncc\/quem-somos\/"},"author":{"name":"wf","@id":"https:\/\/validasite.com.br\/fncc\/#\/schema\/person\/5f18269f1a1e8081988866288773e2b0"},"headline":"Quem somos","datePublished":"2022-06-08T17:18:14+00:00","dateModified":"2024-05-09T20:23:43+00:00","mainEntityOfPage":{"@id":"https:\/\/validasite.com.br\/fncc\/quem-somos\/"},"wordCount":306,"publisher":{"@id":"https:\/\/validasite.com.br\/fncc\/#organization"},"image":{"@id":"https:\/\/validasite.com.br\/fncc\/quem-somos\/#primaryimage"},"thumbnailUrl":"https:\/\/validasite.com.br\/fncc\/wp-content\/uploads\/2024\/05\/IMG_3534-768x1024.jpg","inLanguage":"pt-BR"},{"@type":"WebPage","@id":"https:\/\/validasite.com.br\/fncc\/quem-somos\/","url":"https:\/\/validasite.com.br\/fncc\/quem-somos\/","name":"Quem somos - FNCC - Frente Nacional de Combate ao C\u00e2ncer","isPartOf":{"@id":"https:\/\/validasite.com.br\/fncc\/#website"},"primaryImageOfPage":{"@id":"https:\/\/validasite.com.br\/fncc\/quem-somos\/#primaryimage"},"image":{"@id":"https:\/\/validasite.com.br\/fncc\/quem-somos\/#primaryimage"},"thumbnailUrl":"https:\/\/validasite.com.br\/fncc\/wp-content\/uploads\/2024\/05\/IMG_3534-768x1024.jpg","datePublished":"2022-06-08T17:18:14+00:00","dateModified":"2024-05-09T20:23:43+00:00","description":"A Frente Nacional de Combate ao C\u00e2ncer \u00e9 uma organiza\u00e7\u00e3o n\u00e3o governamental, sem fins lucrativos, dedicada a fornecer suporte e cuidados emocionais e","breadcrumb":{"@id":"https:\/\/validasite.com.br\/fncc\/quem-somos\/#breadcrumb"},"inLanguage":"pt-BR","potentialAction":[{"@type":"ReadAction","target":["https:\/\/validasite.com.br\/fncc\/quem-somos\/"]}]},{"@type":"ImageObject","inLanguage":"pt-BR","@id":"https:\/\/validasite.com.br\/fncc\/quem-somos\/#primaryimage","url":"https:\/\/validasite.com.br\/fncc\/wp-content\/uploads\/2024\/05\/IMG_3534-scaled.jpg","contentUrl":"https:\/\/validasite.com.br\/fncc\/wp-content\/uploads\/2024\/05\/IMG_3534-scaled.jpg","width":1920,"height":2560},{"@type":"BreadcrumbList","@id":"https:\/\/validasite.com.br\/fncc\/quem-somos\/#breadcrumb","itemListElement":[{"@type":"ListItem","position":1,"name":"In\u00edcio","item":"https:\/\/validasite.com.br\/fncc\/"},{"@type":"ListItem","position":2,"name":"Quem somos"}]},{"@type":"WebSite","@id":"https:\/\/validasite.com.br\/fncc\/#website","url":"https:\/\/validasite.com.br\/fncc\/","name":"FNCC - Frente Nacional de Combate ao C\u00e2ncer","description":"A FNCC \u00e9 uma institui\u00e7\u00e3o sem fins lucrativos premiada em todos as regi\u00f5es que opera no Brasil. Conhe\u00e7a um pouco sobre este importante trabalho e entre voc\u00ea tamb\u00e9m na luta contra o c\u00e2ncer. Apoie esta causa.","publisher":{"@id":"https:\/\/validasite.com.br\/fncc\/#organization"},"alternateName":"FNCC","potentialAction":[{"@type":"SearchAction","target":{"@type":"EntryPoint","urlTemplate":"https:\/\/validasite.com.br\/fncc\/?s={search_term_string}"},"query-input":"required name=search_term_string"}],"inLanguage":"pt-BR"},{"@type":"Organization","@id":"https:\/\/validasite.com.br\/fncc\/#organization","name":"FNCC","alternateName":"Frente Nacional de Combate ao C\u00e2ncer","url":"https:\/\/validasite.com.br\/fncc\/","logo":{"@type":"ImageObject","inLanguage":"pt-BR","@id":"https:\/\/validasite.com.br\/fncc\/#\/schema\/logo\/image\/","url":"https:\/\/validasite.com.br\/fncc\/wp-content\/uploads\/2024\/05\/screenshot-4.png","contentUrl":"https:\/\/validasite.com.br\/fncc\/wp-content\/uploads\/2024\/05\/screenshot-4.png","width":1500,"height":1500,"caption":"FNCC"},"image":{"@id":"https:\/\/validasite.com.br\/fncc\/#\/schema\/logo\/image\/"},"sameAs":["https:\/\/www.facebook.com\/FNCCFrenteNacional","https:\/\/www.instagram.com\/fnccnacional\/"]},{"@type":"Person","@id":"https:\/\/validasite.com.br\/fncc\/#\/schema\/person\/5f18269f1a1e8081988866288773e2b0","name":"wf","image":{"@type":"ImageObject","inLanguage":"pt-BR","@id":"https:\/\/validasite.com.br\/fncc\/#\/schema\/person\/image\/","url":"https:\/\/secure.gravatar.com\/avatar\/af5db5008fe343f8388505129e34bba4f5acf5fb848cbdd8606b15652735b53f?s=96&d=mm&r=g","contentUrl":"https:\/\/secure.gravatar.com\/avatar\/af5db5008fe343f8388505129e34bba4f5acf5fb848cbdd8606b15652735b53f?s=96&d=mm&r=g","caption":"wf"},"url":"https:\/\/validasite.com.br\/fncc\/author\/wf\/"}]}},"_links":{"self":[{"href":"https:\/\/validasite.com.br\/fncc\/wp-json\/wp\/v2\/pages\/50","targetHints":{"allow":["GET"]}}],"collection":[{"href":"https:\/\/validasite.com.br\/fncc\/wp-json\/wp\/v2\/pages"}],"about":[{"href":"https:\/\/validasite.com.br\/fncc\/wp-json\/wp\/v2\/types\/page"}],"author":[{"embeddable":true,"href":"https:\/\/validasite.com.br\/fncc\/wp-json\/wp\/v2\/users\/1"}],"replies":[{"embeddable":true,"href":"https:\/\/validasite.com.br\/fncc\/wp-json\/wp\/v2\/comments?post=50"}],"version-history":[{"count":32,"href":"https:\/\/validasite.com.br\/fncc\/wp-json\/wp\/v2\/pages\/50\/revisions"}],"predecessor-version":[{"id":706,"href":"https:\/\/validasite.com.br\/fncc\/wp-json\/wp\/v2\/pages\/50\/revisions\/706"}],"wp:attachment":[{"href":"https:\/\/validasite.com.br\/fncc\/wp-json\/wp\/v2\/media?parent=50"}],"curies":[{"name":"wp","href":"https:\/\/api.w.org\/{rel}","templated":true}]}}